prime factors of 406083169.
157, 2586517
What are the prime factors of 450075201?
3, 23, 307, 21247
What are the prime factors of 497794120?
2, 5, 41, 433, 701
List the prime factors of 653121453.
3, 17, 43, 431, 691
List the prime factors of 64980470.
2, 5, 137, 47431
What are the prime factors of 26880499?
1487, 18077
List the prime factors of 25149032.
2, 29, 108401
What are the prime factors of 686199593?
71, 479, 20177
What are the prime factors of 5508096?
2, 3, 11, 163
List the prime factors of 106851400.
2, 5, 229, 2333
List the prime factors of 586979824.
2, 109, 336571
What are the prime factors of 54205639?
17, 31, 73, 1409
List the prime factors of 96182845.
5, 11, 19, 92041
List the prime factors of 592326558.
2, 3, 19, 1731949
What are the prime factors of 394604?
2, 7, 17, 829
List the prime factors of 904742387.
239, 983, 3851
What are the prime factors of 7670438?
2, 811, 4729
What are the prime factors of 4685849055?
3, 5, 79, 439367
What are the prime factors of 2406133500?
2, 3, 5, 23, 97, 719
What are the prime factors of 209180023?
13, 919, 17509
List the prime factors of 1153067088.
2, 3, 2239, 10729
List the prime factors of 958516.
2, 13, 18433
List the prime factors of 1630732836.
2, 3, 19, 7152337
What are the prime factors of 657072467?
79, 8317373
What are the prime factors of 402137276?
2, 5167, 19457
What are the prime factors of 209987177?
563, 372979
List the prime factors of 30396761.
67, 453683
List the prime factors of 5968384021.
17, 61, 5755433
List the prime factors of 1642837928.
2, 23, 349, 25583
What are the prime factors of 32871742?
2, 79, 208049
What are the prime factors of 39450406?
2, 19725203
What are the prime factors of 87951360?
2, 3, 5, 7, 409
What are the prime factors of 2172991210?
2, 5, 13, 71, 311, 757
What are the prime factors of 98171839?
98171839
List the prime factors of 757981685.
5, 2647, 57271
List the prime factors of 50204902.
2, 11, 2282041
List the prime factors of 137322155.
5, 27464431
List the prime factors of 1559035892.
2, 71, 1663, 3301
What are the prime factors of 210572280?
2, 3, 5, 584923
What are the prime factors of 52883312?
2, 109, 30323
What are the prime factors of 39351239?
37, 1063547
List the prime factors of 473838310.
2, 5, 11, 619, 6959
List the prime factors of 663552722.
2, 7, 6571, 7213
List the prime factors of 92595816.
2, 3, 19, 113, 599
List the prime factors of 79584687.
3, 7, 13, 59, 61
What are the prime factors of 13406392?
2, 1675799
List the prime factors of 48178485.
3, 5, 41, 26113
What are the prime factors of 91862935?
5, 1259, 14593
List the prime factors of 5422237389.
3, 401, 500807
List the prime factors of 135593222.
2, 67796611
List the prime factors of 632659599.
3, 11, 13, 163859
What are the prime factors of 912143277?
3, 37, 41, 66809
List the prime factors of 3192078833.
127, 1291, 19469
List the prime factors of 58371507.
3, 523, 12401
What are the prime factors of 101805466?
2, 7, 971, 7489
What are the prime factors of 32850575?
5, 1314023
What are the prime factors of 3437348486?
2, 11, 13, 769, 15629
What are the prime factors of 1817623224?
2, 3, 37, 682291
List the prime factors of 916178507.
4919, 186253
What are the prime factors of 1854943351?
19333, 95947
List the prime factors of 12345711.
3, 7, 587891
What are the prime factors of 12605518?
2, 23, 274033
List the prime factors of 622053652.
2, 11, 43, 328781
What are the prime factors of 4952212384?
2, 7, 3967, 5573
What are the prime factors of 1132296346?
2, 53, 10682041
List the prime factors of 698706347.
18593, 37579
What are the prime factors of 38789918?
2, 67, 289477
List the prime factors of 6662075685.
3, 5, 17, 1536811
List the prime factors of 47225944.
2, 19, 310697
List the prime factors of 1601225276.
2, 7, 3797, 15061
What are the prime factors of 3297340098?
2, 3, 13, 14091197
List the prime factors of 22531576.
2, 199, 14153
List the prime factors of 465151201.
409, 1137289
List the prime factors of 61337168.
2, 19, 201767
What are the prime factors of 535353268?
2, 43, 3112519
What are the prime factors of 383418020?
2, 5, 1249, 15349
List the prime factors of 57481142.
2, 28740571
List the prime factors of 2351792482.
2, 13, 313, 288989
What are the prime factors of 39041797?
39041797
List the prime factors of 282606098.
2, 141303049
What are the prime factors of 128850?
2, 3, 5, 859
What are the prime factors of 968681473?
487, 563, 3533
List the prime factors of 861679304.
2, 107709913
List the prime factors of 65473270.
2, 5, 6547327
List the prime factors of 164996301.
3, 54998767
What are the prime factors of 221371947?
3, 2732987
List the prime factors of 49125904.
2, 47, 65327
What are the prime factors of 108813044?
2, 27203261
List the prime factors of 2216644895.
5, 23, 83, 439
What are the prime factors of 486239248?
2, 11, 397, 6959
List the prime factors of 5451092185.
5, 7, 11, 2203, 6427
List the prime factors of 69186512.
2, 4324157
List the prime factors of 249774423.
3, 83258141
What are the prime factors of 5296470633?
3, 196165579
List the prime factors of 280391574.
2, 3, 17, 23, 107, 1117
What are the prime factors of 2452936477?
17, 229, 751, 839
What are the prime factors of 774026695?
5, 13, 557, 21379
What are the prime factors of 5600407632?
2, 3, 23, 419, 12107
List the prime factors of 1420099206.
2, 3, 41, 97, 59513
What are the prime factors of 580777322?
2, 6637, 43753
What are the prime factors of 509321567?
509321567
List the prime factors of 27746607.
3, 7, 1321267
What are the prime factors of 1898220561?
3, 17, 37220011
What are the prime factors of 2993159365?
5, 7, 53, 353, 653
List the prime factors of 1181007266.
2, 23, 3163, 8117
What are the prime factors of 232776050?
2, 5, 13, 157, 2281
What are the prime factors of 195021254?
2, 43, 929, 2441
What are the prime factors of 325516493?
17, 19, 23, 43, 1019
What are the prime factors of 219707140?
2, 5, 47, 4973
List the prime factors of 590437709.
29, 241, 84481
What are the prime factors of 211257792?
2, 3, 353, 1039
List the prime factors of 485404518.
2, 3, 131, 547, 1129
What are the prime factors of 17284044?
2, 3, 769, 1873
List the prime factors of 10078614.
2, 3, 7, 13, 293
What are the prime factors of 861924395?
5, 17, 2113, 4799
List the prime factors of 2555393524.
2, 19, 33623599
List the prime factors of 1723301720.
2, 5, 7, 6154649
What are the prime factors of 325868012?
2, 19, 29, 147853
List the prime factors of 1366548259.
617, 2214827
What are the prime factors of 126368539?
11, 149, 77101
What are the prime factors of 178807815?
3, 5, 1523, 2609
List the prime factors of 3458220662.
2, 13, 61, 2180467
What are the prime factors of 7824798618?
2, 3, 7, 13, 29, 263, 1879
What are the prime factors of 2674796680?
2, 5, 66869917
List the prime factors of 628409390.
2, 5, 7, 8977277
What are the prime factors of 411809132?
2, 7, 2101067
List the prime factors of 53904516.
2, 3, 83, 54121
List the prime factors of 1771022871.
3, 37, 523, 10169
What are the prime factors of 56552395?
5, 373, 30323
What are the prime factors of 1363561811?
1363561811
List the prime factors of 69301114.
2, 397, 87281
What are the prime factors of 113129209?
41, 2759249
List the prime factors of 860656400.
2, 5, 53, 40597
List the prime factors of 185974795.
5, 2467, 15077
What are the prime factors of 779983223?
779983223
List the prime factors of 831980999.
831980999
What are the prime factors of 5249139828?
2, 3, 37, 227, 52081
What are the prime factors of 25100528?
2, 41, 83, 461
What are the prime factors of 335229389?
11, 30475399
List the prime factors of 1216835457.
3, 43, 9432833
List the prime factors of 653203014.
2, 3, 19, 5729851
What are the prime factors of 81749964?
2, 3, 227, 30011
What are the prime factors of 886607129?
886607129
What are the prime factors of 437989078?
2, 823, 266093
List the prime factors of 167450113.
3907, 42859
List the prime factors of 232156221.
3, 11, 7035037
What are the prime factors of 173546384?
2, 11, 401, 2459
What are the prime factors of 199865212?
2, 409, 122167
What are the prime factors of 139852551?
3, 521, 89477
List the prime factors of 124369227.
3, 59, 234217
What are the prime factors of 626